n 2/13 + 4256/52 is divided by 14?
12
Let m(t) = -8*t**3 + 3*t**2 + 4*t + 4. Let z(p) = p**2 + p + 1. Let s(k) = -m(k) + 4*z(k). What is the remainder when 158/6 + (-8)/24 is divided by s(1)?
8
Let t(n) = 14 - 1 - 5*n**2 - 8*n - n + 4*n**2. Let q be t(-11). Calculate the remainder when 0/q + 16*1 is divided by 9.
7
Let s(z) = 8*z - 11. Calculate the remainder when s(11) is divided by 26.
25
Calculate the remainder when 18 is divided by ((-8)/10)/(14/(-105)).
0
Let f(k) = -k**3 + 11*k**2 + k - 9. Let x be f(11). Suppose 4*i + 94 = 3*b, -5*b - 2*i + 70 = -x*b. Calculate the remainder when 49 is divided by b.
23
Let a(k) be the first derivative of k**4/4 + k**3 - k**2/2 + 3*k + 3. What is the remainder when 17 is divided by a(-3)?
5
Suppose -3*f - p = -3*p - 95, -90 = -2*f - 4*p. Calculate the remainder when 73 is divided by f.
3
Suppose 0 = -3*s - h + 126, -4*h + 173 = 5*s - 37. Calculate the remainder when s is divided by 23.
19
Let x be (-68)/(-18) + (-6)/(-27). Let v = 9 + 7. Suppose x*i = 40 + v. Calculate the remainder when 26 is divided by i.
12
Let i(b) = -b**3 + 5*b**2 - b + 1. Calculate the remainder when 25 is divided by i(4).
12
Suppose 5*j - 5*a + 10*a = 25, 0 = -5*j + a + 19. Suppose j*y - 6 = -54. Let p = y - -29. What is the remainder when p is divided by 6?
5
Let c = 59 + -24. Suppose 25 = 5*p, -5*y - p + 4*p = -5. Suppose 3*z - y = 50. What is the remainder when c is divided by z?
17
Let b = -54 + 103. Let u = b + -30. What is the remainder when 55 is divided by u?
17
Suppose -3*o + 9 = -0*o. Let c = 33 - 15. Suppose -w - o = -c. Calculate the remainder when 29 is divided by w.
14
Suppose 0 = 2*q + 2*m - 72, 3*q - 83 - 41 = 5*m. Let t = q - 25. What is the remainder when 37 is divided by t?
11
Suppose -i = -5*j - 3*i + 104, i + 91 = 4*j. What is the remainder when 43 is divided by j?
21
Let v(n) = 3*n - 1. Let a(k) be the first derivative of k**3/3 - 4*k**2 + k - 2. Let c be a(8). What is the remainder when v(c) is divided by 1?
0
Let z = 13 - 12. Suppose -5*y + 116 = -4. What is the remainder when z + y - 1*-2 is divided by 14?
13
Suppose -3*g - 66 = -4*h + 19, g = 3*h - 60. Calculate the remainder when h is divided by 10.
9
Let h = 104 - 70. Let g = -17 + h. What is the remainder when 66 is divided by g?
15
Calculate the remainder when 22 is divided by -16*(-3 + 0)/6.
6
Suppose 20*z = 15*z + 25. Calculate the remainder when 32 is divided by z.
2
Let f = 76 - 46. Suppose 2*q = f - 4. What is the remainder when q is divided by 8?
5
Let p = -5 + 10. What is the remainder when p is divided by (-6)/(-4) - (-9)/6?
2
Suppose 3*u = -5 + 20. Calculate the remainder when 12 is divided by u.
2
Let o = 60 - 20. What is the remainder when o is divided by 15?
10
Suppose 2*t - 8 = 0, 0*t - t + 11 = -o. Let m(j) = -4*j + 14. Calculate the remainder when m(o) is divided by 11.
9
Let r(h) be the third derivative of -h**6/120 + h**5/15 + 7*h**4/24 - h**3/6 - h**2. What is the remainder when (8/6)/((-4)/(-78)) is divided by r(5)?
8
Let w be 6/4*4/3. Suppose 3*n - 44 = -n. What is the remainder when (-20)/(-2 + w - 1) is divided by n?
9
Let g be 189/12 - 3/4. Let i = 26 - g. Calculate the remainder when 20 is divided by i.
9
Suppose 2*g - 2*r - 186 = 0, -g + 61 = -5*r - 52. What is the remainder when g is divided by 23?
19
Suppose -4*s + 24 = 8. What is the remainder when ((-58)/s)/((-1)/2) is divided by 3/(-1*1/(-5))?
14
Suppose -5*k + 10 = 5*v - 4*k, v - 2 = 3*k. Let a(s) = -5 + v*s + 2 - 2. Calculate the remainder when 19 is divided by a(6).
5
Suppose -2*i - 8 = 2*i. Suppose 8 = -3*k + 35. Calculate the remainder when 6 + -2 + i - -31 is divided by k.
6
Suppose 0 = -4*j - 27 - 9. Let t = j + 16. Calculate the remainder when 18 is divided by t.
4
Let x = -2 + 11. Calculate the remainder when 52 is divided by x.
7
Suppose 0 = -6*c + c + 50. Calculate the remainder when c is divided by 4.
2
Suppose -165 = -5*n - 55. Calculate the remainder when 82 is divided by n.
16
Let f be 162/(15/9 - 1). Suppose 3*p - 12 = f. Suppose -w = -5*n + 67, 5*n - p = -7*w + 2*w. What is the remainder when 41 is divided by n?
13
Suppose -24 - 198 = -6*h. Calculate the remainder when h is divided by -1*(-1 + 0) + 18.
18
Suppose 4*q = 3*q + 31. Calculate the remainder when q is divided by (2*-8)/(2 - 3).
15
Let v be (-28)/(0 - (2 - 1)). Let j = v + -19. Calculate the remainder when 16 is divided by j.
7
Suppose -197 = -5*j + 2*c, -c - 16 = -5*c. What is the remainder when j is divided by 22?
19
Let p(g) = 25*g + 7. Let z be p(-5). Let f = z + 81. Let t = 61 + f. Calculate the remainder when t is divided by 9.
6
Let s = -3 + 54. What is the remainder when s is divided by 18?
15
Let z(v) = v**3 + 5*v**2 - 6*v + 5. Suppose 0*f - 17 = -3*j - 2*f, 0 = 5*j + 3*f - 29. Calculate the remainder when j is divided by z(-6).
2
Let u be 20/6 - (-2)/3. Suppose -h = u*h. What is the remainder when -2*(-25)/2 + h is divided by 13?
12
Let y = 196 + -181. Calculate the remainder when (2/3)/((-2)/(-216)) is divided by y.
12
Suppose -2*q - 328 = 4*l, 3*l + 2*q - 312 = 7*l. Let j = l - -121. What is the remainder when j is divided by 14?
13
Suppose 4*d = -v - 0*d + 12, 20 = 3*v + 4*d. Suppose 6 = -2*y + 24. Calculate the remainder when y is divided by v.
1
Suppose l - 4*l + 48 = 0. Calculate the remainder when 127 is divided by l.
15
What is the remainder when 256/14 - ((-48)/28 - -2) is divided by 10?
8
Suppose 0*i - 2*i + 88 = 0. Suppose 3*o = o + i. Calculate the remainder when o is divided by 8.
6
Let c = 12 - 8. Suppose 55 = 4*t + 27. What is the remainder when t is divided by c?
3
Let m(f) = 5*f - 4. Calculate the remainder when 0 + (1 - 1) + 21 is divided by m(3).
10
Calculate the remainder when 156/(-18)*3/(-2) is divided by 4.
1
Let j(k) be the second derivative of 29*k**4/12 + k**3/6 + k**2/2 - 3*k. Let t be j(-1). Calculate the remainder when 1*-1*(-5 - t) is divided by 18.
16
What is the remainder when ((-222)/15)/(2/(-5)) is divided by (-9)/(2/(-2)) + -1?
5
Suppose 12 = 3*r, 0 = -3*k - 2*r - 0*r + 71. What is the remainder when 99 is divided by k?
15
What is the remainder when (-130)/(-39) - 2/6 is divided by 2?
1
Let l(c) = 14*c + 1. Calculate the remainder when 42 is divided by l(1).
12
Let k(d) = d + 20. What is the remainder when k(0) is divided by 7?
6
Let m(j) = 2*j**2 + 3*j - 2. Let g be m(-3). Suppose 0 = -3*f + 4*f - g. What is the remainder when 26 is divided by f?
5
Let d(l) = 21*l**3 - 3*l + 2. Calculate the remainder when 57 is divided by d(1).
17
What is the remainder when 32 is divided by 1*((-75)/(-10) + (-2)/4)?
4
Let h(p) = p**3 + 8*p**2 - 4*p + 6. Let a be h(-9). Let m = -15 - a. Suppose -3*f + m = 3*r, -r + 2*f + 20 = -0*r. What is the remainder when r is divided by 7?
5
Suppose -5*r - 19 = -n + 9, 4*n = -5*r - 13. Suppose -5 - n = -t. Suppose 0*j = j - t. Calculate the remainder when j is divided by 5.
3
Suppose -60 = q - 6*q. Calculate the remainder when 34 is divided by q.
10
Suppose 48 = 4*o - 0*o. Let x = -120 + 154. Calculate the remainder when x is divided by o.
10
Let a = 53 + -7. Suppose v - 80 = -4*v. What is the remainder when a is divided by v?
14
Suppose 4*s = -5*c + 15, -2*s - 3*s + 26 = -c. What is the remainder when 27 is divided by s?
2
Let z(p) = 2*p**2 + 2*p. Let o = 59 - 36. What is the remainder when o is divided by z(-3)?
11
Let b(o) = o**2 - 4*o + 1. What is the remainder when 22 is divided by b(5)?
4
Let n(b) = 2*b**2 + b. Let t be n(1). Suppose -2*y + 6*y - 132 = 0. What is the remainder when y is divided by 1*(-2 + t) - -11?
9
Suppose 3*w = -5*c - 15, -5*c - 15 = 4*w - 0*c. Suppose w*m = 5*m - 100. Calculate the remainder when m is divided by (0 + (-7)/2)*-2.
6
Suppose 2*b + 5*t - 37 = 0, 4*b - 33 = 5*t - 4. Let q = 83 + -77. What is the remainder when b is divided by q?
5
Suppose 18 + 0 = 3*o. Suppose 0 = -w + 6*z - z - 10, -5*w - 21 = 4*z. Calculate the remainder when 10/(-25) + (-87)/w is divided by o.
5
Let o(u) = -u - 2. Let x be o(5). Let b = 22 + x. Calculate the remainder when 2/(-2) - (-45 - -1) is divided by b.
13
Let s = 36 - 13. Suppose 0 = -4*x + x - g + 129, 0 = -3*x + 3*g + 141. Calculate the remainder when x is divided by s.
21
Suppose 0 = -2*l - 3*l + 40. Suppose -3*h + 31 + l = 0. What is the remainder when 51 